32467
What are the prime factors of 7336492727?
41, 178938847
What are the prime factors of 346918261?
41, 131, 64591
List the prime factors of 84797865.
3, 5, 31, 89, 683
List the prime factors of 100247017.
13, 7711309
List the prime factors of 354013786.
2, 7, 25286699
What are the prime factors of 1189310345?
5, 237862069
What are the prime factors of 808637497?
808637497
List the prime factors of 45261085.
5, 31, 61, 4787
List the prime factors of 28208987.
28208987
What are the prime factors of 558866829?
3, 43, 131, 33071
What are the prime factors of 35667673?
83, 429731
What are the prime factors of 2783212122?
2, 3, 5051, 91837
List the prime factors of 126515910.
2, 3, 5, 367, 11491
List the prime factors of 1874488594.
2, 11, 31, 41, 43, 1559
List the prime factors of 359896516.
2, 7, 1913, 6719
List the prime factors of 37620140.
2, 5, 151, 12457
What are the prime factors of 948574427?
29, 2351, 13913
List the prime factors of 798556072.
2, 181, 551489
List the prime factors of 30888664.
2, 3861083
List the prime factors of 53607121.
53607121
List the prime factors of 1692760529.
1993, 849353
What are the prime factors of 269936105?
5, 5309, 10169
List the prime factors of 155263076.
2, 53, 732373
List the prime factors of 1345980925.
5, 127, 423931
List the prime factors of 374989979.
7, 13, 71, 127, 457
What are the prime factors of 4248284633?
1531, 2774843
What are the prime factors of 77528903?
991, 78233
What are the prime factors of 118012889?
118012889
What are the prime factors of 94626480?
2, 3, 5, 13, 2333
What are the prime factors of 144115167?
3, 7, 157, 43711
What are the prime factors of 145776844?
2, 5437, 6703
What are the prime factors of 113369377?
11, 936937
List the prime factors of 2513459980.
2, 5, 401, 313399
What are the prime factors of 110244343?
11, 887, 11299
List the prime factors of 2206130295.
3, 5, 2969, 49537
What are the prime factors of 42289400?
2, 5, 353, 599
What are the prime factors of 17216190?
2, 3, 5, 23, 8317
List the prime factors of 1151266014.
2, 3, 21319741
What are the prime factors of 526725328?
2, 4657, 7069
What are the prime factors of 435661483?
409, 971, 1097
List the prime factors of 2841015.
3, 5, 189401
What are the prime factors of 3516580?
2, 5, 175829
List the prime factors of 3245319.
3, 7, 11, 223
What are the prime factors of 555688754?
2, 67, 127, 32653
List the prime factors of 10833914.
2, 7, 13, 19, 241
What are the prime factors of 100260837?
3, 11140093
List the prime factors of 4231898707.
43, 98416249
What are the prime factors of 17785965?
3, 5, 181, 6551
What are the prime factors of 3067150057?
3067150057
List the prime factors of 126341061.
3, 7, 11, 7103
List the prime factors of 557173295.
5, 7, 1229, 12953
List the prime factors of 7931403.
3, 61, 14447
What are the prime factors of 98858844?
2, 3, 7, 392297
List the prime factors of 364772066.
2, 182386033
List the prime factors of 560537249.
21433, 26153
What are the prime factors of 89034095?
5, 19, 383, 2447
List the prime factors of 2738538747.
3, 7, 14489623
What are the prime factors of 372324790?
2, 5, 37232479
What are the prime factors of 2542678119?
3, 9733, 29027
What are the prime factors of 108480144?
2, 3, 23, 97, 1013
List the prime factors of 14934333.
3, 29, 171659
What are the prime factors of 86301635?
5, 7, 23, 47, 2281
List the prime factors of 152471912.
2, 17, 757, 1481
What are the prime factors of 1196829152?
2, 19, 31, 63499
What are the prime factors of 2890275983?
7, 412896569
List the prime factors of 1445774495.
5, 11, 26286809
What are the prime factors of 1220112263?
991, 1231193
What are the prime factors of 168100590?
2, 3, 5, 7, 17, 47087
What are the prime factors of 467025059?
2393, 195163
List the prime factors of 42891083.
6217, 6899
What are the prime factors of 741386964?
2, 3, 4397, 14051
List the prime factors of 27721970.
2, 5, 29, 109, 877
What are the prime factors of 22009371?
3, 7336457
List the prime factors of 459208582.
2, 7, 32800613
What are the prime factors of 263315394?
2, 3, 4876211
What are the prime factors of 473772207?
3, 157924069
What are the prime factors of 824797060?
2, 5, 71, 580843
What are the prime factors of 617460789?
3, 11, 163, 191, 601
What are the prime factors of 44087025?
3, 5, 587827
List the prime factors of 23012684.
2, 251, 22921
List the prime factors of 280944.
2, 3, 1951
What are the prime factors of 110888443?
43, 2578801
What are the prime factors of 10244567?
10244567
List the prime factors of 43512357.
3, 7, 41, 97, 521
List the prime factors of 104372987.
349, 299063
What are the prime factors of 17186511?
3, 353, 16229
List the prime factors of 2851196687.
929, 3069103
What are the prime factors of 1975377562?
2, 379, 2606039
What are the prime factors of 41938226?
2, 11, 31, 61493
What are the prime factors of 4946366231?
31, 61, 137, 313
List the prime factors of 1670272666.
2, 487, 1714859
What are the prime factors of 600221806?
2, 431, 696313
List the prime factors of 39252290.
2, 5, 7, 11, 19, 2683
What are the prime factors of 3045203863?
13, 17, 151, 91253
What are the prime factors of 18774889?
7, 619
What are the prime factors of 105485934?
2, 3, 29, 606241
List the prime factors of 444480439.
13, 139, 245977
What are the prime factors of 30177246?
2, 3, 11, 53, 8627
What are the prime factors of 1112264708?
2, 278066177
List the prime factors of 59435321.
11, 491201
List the prime factors of 1704709246.
2, 953, 894391
What are the prime factors of 23190643?
7, 67, 197, 251
What are the prime factors of 4428148338?
2, 3, 17, 41, 39217
What are the prime factors of 13923798?
2, 3, 7, 331519
List the prime factors of 94897531.
313, 303187
List the prime factors of 23737482.
2, 3, 439583
What are the prime factors of 21881962?
2, 233, 46957
What are the prime factors of 34816926?
2, 3, 37, 156833
List the prime factors of 723957295.
5, 41, 3531499
What are the prime factors of 65425113?
3, 13, 19, 1549
What are the prime factors of 896576275?
5, 7, 19, 5503
What are the prime factors of 321080123?
7, 13, 257, 13729
List the prime factors of 2992649689.
17, 176038217
What are the prime factors of 1810932848?
2, 283, 399941
What are the prime factors of 155796882?
2, 3, 25966147
What are the prime factors of 223638998?
2, 11, 10165409
What are the prime factors of 338810076?
2, 3, 11, 855581
List the prime factors of 1570535479.
1570535479
What are the prime factors of 50558762?
2, 337, 75013
What are the prime factors of 88881592?
2, 11110199
List the prime factors of 36098998.
2, 13, 199, 6977
List the prime factors of 14855761.
14855761
List the prime factors of 475045473.
3, 7, 23, 983531
What are the prime factors of 110685354?
2, 3, 13, 43, 61, 541
List the prime factors of 140281445.
5, 71, 395159
What are the prime factors of 3078874673?
7, 37, 242603
List the prime factors of 127571114.
2, 11, 1699, 3413
List the prime factors of 93616677.
3, 7, 11, 135089
List the prime factors of 102883185.
3, 5, 2286293
List the prime factors of 2994187575.
3, 5, 39922501
List the prime factors of 385945131.
3, 11, 13, 69203
What are the prime factors of 83019050?
2, 5, 839, 1979
List the prime factors of 2006518195.
5, 11, 3316559
What are the prime factors of 75157190?
2, 5, 7515719
What are the prime factors of 5082438537?
3, 11, 643, 79841
List the prime factors of 55022701.
55022701
What are the prime factors of 478526935?
5, 2659, 35993
List the prime factors of 309559914.
2, 3, 5732591
List the prime factors of 6001071638.
2, 17, 2803, 62969
List the prime factors of 89154117.
3, 13, 762001
List the prime factors of 1668544171.
7, 4259, 55967
What are the prime factors of 52731013?
52731013
List the prime factors of 91309221.
3, 3381823
List the prime factors of 5485562765.
5, 193, 5684521
What are the prime factors of 32715854?
2, 17, 47, 59, 347
What are the prime factors of 42988895?
5, 503, 17093
What are the prime factors of 130195271?
43, 67, 45191
List the prime factors of 183171842.
2, 7, 1009, 12967
What are the prime factors of 718199745?
3, 5, 47879983
List the prime factors of 13804739.
13, 1061903
What are the prime factors of 54671810?
2, 5, 47, 89, 1307
What are the prime factors of 